 the greatest common factor of n and 2?
1
Suppose -3*k = -w + 7 + 104, 3*w + 3*k - 357 = 0. What is the highest common factor of w and 429?
39
Suppose 4*k + 2*v + 3*v - 124 = 0, -k = 2*v - 34. Suppose -47*a + 67*a = 260. What is the greatest common divisor of a and k?
13
Suppose 0 = 28*t - 104 - 176. Calculate the greatest common divisor of 12 and t.
2
Let l(r) = 45*r + 6. Let y be l(-5). Let m = 345 + y. What is the highest common divisor of m and 14?
14
Let t be (-77 - -2)/(-1*1). Let c(p) = -2*p + 4. Let n be c(1). Suppose 14*z + n*z - 240 = 0. Calculate the greatest common divisor of t and z.
15
Let s be (-1 - 0)*(-4)/(-4)*-9. Calculate the greatest common divisor of s and 24.
3
Let p = 626 - 326. Calculate the greatest common factor of 72 and p.
12
Let z(u) = u + 2. Let d(r) = -5*r + 4. Let t be d(1). Let n be z(t). What is the highest common divisor of 3 and n?
1
Let q = 307 - 277. What is the greatest common factor of 570 and q?
30
Let o be (-8)/24*-2*(-3)/1. Let j be ((-1)/o)/((-16)/(-864)). Calculate the highest common divisor of 3 and j.
3
Let z(b) be the second derivative of -b**3/6 + 9*b**2 + 2*b. Let u be z(4). Calculate the highest common factor of u and 21.
7
Let q be (2/(-3))/(2/(-48)). Suppose 0*f - 612 = -5*v + 4*f, -128 = -v - 2*f. Let t = v - 12. Calculate the highest common factor of t and q.
16
Let i be (2 - 2)*(-3)/(-6). Suppose i = -a + 1 + 4. Suppose -a*x = o + 1 + 6, 0 = 2*o + 5*x - 1. What is the highest common factor of 64 and o?
8
Suppose 5 = -r + 31. Suppose 227 = 3*a + 32. What is the greatest common factor of r and a?
13
Let c = 13 + -9. Suppose 0 = -4*k + 16, -c*i - 15 + 3 = -5*k. Suppose -x + i*q + 57 = 2, 0 = -4*x - 4*q + 220. Calculate the greatest common factor of 22 and x.
11
Let h be -5 - 17/1 - -2. Let k be ((h/(-8))/5)/(3/54). Calculate the greatest common factor of k and 99.
9
Suppose -3*n - 25 = -43. Suppose -8*b + 56 = -n*b. What is the greatest common factor of b and 7?
7
Let v(f) = f**3 + 3*f**2 - 1. Let u be v(-3). Let s(o) = 6*o - 2. Let p be s(u). Let h be 38 - (-4)/p*0. What is the highest common divisor of h and 57?
19
Suppose 0*o = o - 50. Let q be 2/(-4)*o/(-5). Let y(p) = -p**3 + 5*p**2 + 3*p - 5. Let c be y(q). What is the highest common divisor of c and 80?
10
Suppose 5*g - 94 = -3*q + 2*q, -70 = -3*g - 4*q. Let f = 86 - -4. Let x = f - 18. What is the greatest common factor of x and g?
18
Let z be (-2)/8 + (-285)/12. Let j = 12 + z. Let t = 16 + j. Calculate the greatest common divisor of t and 12.
4
Let y be (-4053)/(4 - 11)*(3 - 1). Suppose -3*x + 6*i = 3*i - y, x - 3*i = 388. Calculate the greatest common factor of 35 and x.
35
Let d(s) = -2*s**3 + 8*s + s**3 + 9*s**2 + 12 + 2*s**3. Let x be d(-8). What is the greatest common divisor of 6 and x?
6
Let c(a) = a - 8. Let r be c(14). Let p = 3 - r. Let x be ((-4)/1)/(-4) - p. Calculate the greatest common divisor of x and 8.
4
Let i be (359 + 1)/((-21)/(-308)*11). Calculate the greatest common factor of 12 and i.
12
Suppose -3*n - 5*n = -5*n. Let j(k) = k**3 + k**2 + k + 30. Let x be j(n). Let t = 17 - -58. Calculate the greatest common factor of t and x.
15
Let l be 67/3 + 2/(-6). Let z(a) = -39*a - 19. Let g be z(-4). Suppose g + 39 = u. Calculate the greatest common factor of l and u.
22
Let p be ((-738)/287)/((-6)/112). Suppose 0*t + 24 = 2*t. What is the greatest common factor of t and p?
12
Let f(z) = -z**3 + 5*z**2 - z - 4. Let k be f(4). Let j(d) = 2*d - 4. Let o be j(2). Suppose v + o = 1. Calculate the highest common divisor of v and k.
1
Let k = -6 + 8. Suppose 0 = -2*n - k*z, -2*z = -0*z + 4. Suppose -3*l + 22 = 5*p, -5*p - n*l + 14 = -9. Calculate the greatest common divisor of 55 and p.
5
Suppose -14*o + 13*o = -8. Let w be o/4*1 + 1. Calculate the greatest common factor of w and 21.
3
Let p be (-70)/385 + 136/22. Let f(g) = 0*g + g + 1 + 2. Let c be f(p). What is the highest common divisor of c and 81?
9
Let f(m) = 66*m**2 + m. Let r be f(-1). Let h be 300/(-45)*9/(-2). Let a be h + -4*(-2)/(-2). Calculate the highest common divisor of r and a.
13
Let a = 8 - 6. Suppose -10261*l - 16 = -10268*l + 19. Calculate the greatest common divisor of l and a.
1
Suppose 5*f = 3*y + 822, -3*f + 2*f = -y - 166. Suppose 5*t = 2*d - 64, 3*t + 66 - f = -2*d. Calculate the highest common factor of 6 and d.
6
Suppose 46*s = 3*s + 6579. Calculate the highest common factor of 68 and s.
17
Let b(m) = m**3 + 6*m**2 + 7*m + 4. Let l be b(-4). Let w = 0 + -9. Let t(c) = c**2 + 5*c - 12. Let o be t(w). Calculate the greatest common factor of l and o.
8
Let k be (3/2)/(3/(-16)). Suppose -22*o + 204 = -18*o. Let w be k/(-6)*o/4. What is the highest common factor of w and 119?
17
Suppose g - 21 = -2*g - 5*r, 5*g = -2*r + 16. Let i be (g/(-4))/(2/(-440)). Calculate the greatest common factor of i and 10.
10
Let m be 1 - 86*(-20)/8. Suppose 3*n - 108 = -n. Calculate the greatest common factor of m and n.
27
Suppose -6*h + 30 = -90. What is the greatest common factor of h and 150?
10
Suppose -3*c + 2*c = -22. Let o be 12/60 - (-1758)/10. What is the highest common factor of o and c?
22
Let o(j) = 2*j**2 - 17*j + 10. Let f be o(11). Let z be (66/(-7))/((-6)/42). Let h = z - 40. What is the greatest common factor of h and f?
13
Let m = -12 + -30. Let y = -26 - m. Calculate the greatest common factor of y and 96.
16
Let h be (-48)/(-2)*(-2 - -13). Suppose 12 = -2*x + 60. What is the highest common divisor of h and x?
24
Let o(u) = -u - u**3 + 77 + 40 + 3*u. Let b be o(0). Calculate the highest common divisor of b and 78.
39
Suppose -10*c = -8*c - n - 103, c = 4*n + 62. Calculate the highest common divisor of c and 10.
10
Suppose 1667 = 3*u - 5*r, 0 = -3*u + 2*u + 4*r + 544. Suppose -3*g = -2*b + 209 + 334, 0 = -2*b - 4*g + u. Calculate the highest common divisor of b and 46.
46
Suppose -2*a + 3*a = 7. Suppose -g - a + 19 = 0. Calculate the greatest common divisor of g and 12.
12
Suppose -58 = -2*g + 2*x, -2*x + 38 = g - 6*x. What is the highest common factor of g and 234?
26
Suppose -2*j = z - 3, -z + 5 = -2*j - 2. Let o be 4 + -1 - -5*z. Suppose -r + 2*r + 70 = 5*w, 2*r = 0. What is the highest common factor of w and o?
14
Suppose -2*y = 2*y - 28. Suppose y*v = 5*v. Let c = v - -17. Calculate the greatest common factor of 119 and c.
17
Let k(n) = 14*n**2 + 13*n + 37. Let d be k(-5). What is the greatest common factor of d and 230?
46
Let p(f) = -f**3 - 16*f**2 - 30*f + 2. Let m be p(-14). What is the highest common divisor of m and 18?
6
Let y be ((-20)/12)/((-2)/6). Suppose 5*z - 80 = o - 5*o, z + 3*o = y. What is the greatest common divisor of 8 and z?
4
Let w(f) = f**2 - 2*f - 17. Let j be w(12). Let v = j - 61. What is the highest common divisor of v and 28?
14
Let u(d) = -3*d**2 - 53*d - 23. Let l be u(-8). Calculate the greatest common factor of l and 33.
11
Let l be 105/(-84) + (-378)/(-8). Calculate the greatest common divisor of 69 and l.
23
Let m be 2 + -3 + 0 + 1. Suppose 7*q + q - 128 = m. Calculate the greatest common factor of q and 72.
8
Let t = -1265 - -2275. Calculate the greatest common factor of 10 and t.
10
Let z = 719 + -640. Calculate the highest common divisor of z and 711.
79
Suppose 0 = 5*b + 4*v - 6, -v = -4*b + v + 10. Suppose -b*d + 58 + 2 = 0. Calculate the greatest common divisor of d and 30.
30
Suppose -5*a + 1522 = 5*m - a, 4*m - 1230 = 3*a. Let o be ((-3)/9)/((-3)/m). Let l = 455 - 404. Calculate the greatest common factor of o and l.
17
Suppose 0 = -4*r - 12, -3*y + 5*r = -29 - 58. Suppose -653 = -165*u + 134*u + 4555. What is the highest common divisor of y and u?
24
Let y = 467 - 444. What is the highest common factor of 1 and y?
1
Suppose 0 = 2*q - 16 + 24, 5*q = 5*o - 170. Let i(t) = 6*t - 2*t - 2 - 3. Let k be i(5). What is the highest common factor of o and k?
15
Let o(m) = 2*m**2 - 3*m. Let c(k) = -2*k - 16. Let l be c(-10). Let b be o(l). Calculate the highest common factor of 20 and b.
20
Suppose -13 = -5*h + 4*h - 3*o, 2*h + 5*o - 23 = 0. Suppose -3*d + 42 = -3*q, 3*d = 4*d - h. Let y = q + 21. Calculate the highest common divisor of 11 and y.
11
Let u = -92 + 116. Let g = 3 + u. Suppose 4*y - 31 - 5 = 0. What is the greatest common divisor of y and g?
9
Let c = -19 + 51. What is the highest common factor o